22.
7265
Calculate the remainder when 13331 is divided by 369.
47
What is the remainder when 46755 is divided by 910?
345
Calculate the remainder when 1963322 is divided by 75510.
62
Calculate the remainder when 949478 is divided by 285.
143
Calculate the remainder when 48949 is divided by 372.
217
Calculate the remainder when 87530 is divided by 21.
2
What is the remainder when 110556 is divided by 420?
96
Calculate the remainder when 2341510 is divided by 389994.
1546
What is the remainder when 230162238 is divided by 64?
62
Calculate the remainder when 8053142 is divided by 10.
2
Calculate the remainder when 1754078 is divided by 438362.
630
What is the remainder when 162668900 is divided by 248?
244
Calculate the remainder when 6963 is divided by 5702.
1261
Calculate the remainder when 229599 is divided by 6826.
4341
What is the remainder when 992882 is divided by 90262?
0
Calculate the remainder when 27020 is divided by 3686.
1218
Calculate the remainder when 239442033 is divided by 178.
171
What is the remainder when 148985 is divided by 313?
310
Calculate the remainder when 57643718 is divided by 76.
74
Calculate the remainder when 36550358 is divided by 1853.
1786
What is the remainder when 2151611734 is divided by 8209?
8207
What is the remainder when 3539548 is divided by 51?
46
What is the remainder when 457587 is divided by 457520?
67
What is the remainder when 137332 is divided by 137225?
107
Calculate the remainder when 48769 is divided by 21877.
5015
What is the remainder when 30386882 is divided by 112?
50
Calculate the remainder when 3874406 is divided by 469.
466
Calculate the remainder when 293268 is divided by 48877.
6
What is the remainder when 21367300 is divided by 28?
24
What is the remainder when 23757 is divided by 1427?
925
What is the remainder when 3862436 is divided by 643736?
20
Calculate the remainder when 58648 is divided by 6734.
4776
What is the remainder when 40019 is divided by 9387?
2471
What is the remainder when 259283 is divided by 4674?
2213
Calculate the remainder when 101321466 is divided by 59.
58
Calculate the remainder when 37362076 is divided by 2197769.
3
What is the remainder when 29469 is divided by 7109?
1033
What is the remainder when 338432 is divided by 169209?
14
What is the remainder when 21738456 is divided by 94515?
6
Calculate the remainder when 13071253 is divided by 1089271.
1
Calculate the remainder when 3273486 is divided by 746.
38
Calculate the remainder when 7366058 is divided by 225.
8
What is the remainder when 91139061 is divided by 91?
13
Calculate the remainder when 37592539 is divided by 174849.
4
What is the remainder when 170567 is divided by 12987?
1736
What is the remainder when 1200812 is divided by 200?
12
What is the remainder when 1691257 is divided by 360?
337
Calculate the remainder when 693745 is divided by 30162.
19
What is the remainder when 785659 is divided by 513?
256
Calculate the remainder when 26156645 is divided by 5231321.
40
Calculate the remainder when 228456227 is divided by 1274.
1273
What is the remainder when 11325969 is divided by 277?
270
Calculate the remainder when 733279 is divided by 1287.
976
Calculate the remainder when 783816 is divided by 320.
136
What is the remainder when 144235 is divided by 143780?
455
What is the remainder when 175858 is divided by 11629?
1423
Calculate the remainder when 1172869 is divided by 543.
532
Calculate the remainder when 168380 is divided by 24054.
2
Calculate the remainder when 4598583 is divided by 1933.
1909
What is the remainder when 340318 is divided by 113334?
316
Calculate the remainder when 23292833 is divided by 79.
78
Calculate the remainder when 32792759 is divided by 214.
41
What is the remainder when 36065991 is divided by 1060763?
49
Calculate the remainder when 1274914 is divided by 3525.
2389
What is the remainder when 354367 is divided by 358?
305
What is the remainder when 1530900 is divided by 45026?
16
Calculate the remainder when 19546191 is divided by 6515394.
9
Calculate the remainder when 27286 is divided by 1465.
916
Calculate the remainder when 892491 is divided by 75.
66
What is the remainder when 82635 is divided by 27073?
1416
What is the remainder when 67564560 is divided by 2471?
7
Calculate the remainder when 6308195 is divided by 375.
320
What is the remainder when 6100075 is divided by 87?
70
Calculate the remainder when 137643 is divided by 733.
572
What is the remainder when 102204 is divided by 7858?
50
Calculate the remainder when 68345 is divided by 3852.
2861
What is the remainder when 959397 is divided by 4190?
4077
What is the remainder when 2949011 is divided by 2949008?
3
What is the remainder when 720134 is divided by 31?
4
Calculate the remainder when 2182887 is divided by 66148.
3
Calculate the remainder when 2063321 is divided by 75.
71
What is the remainder when 8431062 is divided by 184?
182
Calculate the remainder when 195801 is divided by 97772.
257
What is the remainder when 132588791 is divided by 216?
215
What is the remainder when 52856 is divided by 52849?
7
Calculate the remainder when 131864 is divided by 521.
51
Calculate the remainder when 92493 is divided by 405.
153
Calculate the remainder when 643511 is divided by 643279.
232
Calculate the remainder when 224500 is divided by 8309.
157
Calculate the remainder when 14886223 is divided by 232.
175
What is the remainder when 2865073 is divided by 1528?
73
Calculate the remainder when 1478503 is divided by 2963.
2929
What is the remainder when 2961579 is divided by 592306?
49
What is the remainder when 82658 is divided by 516?
98
Calculate the remainder when 27077 is divided by 1042.
1027
What is the remainder when 392481 is divided by 445?
436
Calculate the remainder when 9981888 is divided by 3579.
57
What is the remainder when 12688365 is divided by 10?
5
What is the remainder when 587775 is divided by 7632?
111
Calculate the remainder when 8611306 is divided by 301.
298
What is the remainder when 4863887 is divided by 1855?
77
What is the remainder when 18015517 is divided by 4408?
21
Calculate the remainder when 7219 is divided by 255.
79
What is the remainder when 532800 is divided by 44398?
24
Calculate the remainder when 7478898 is divided by 38551.
4
What is the remainder when 123584672 is divided by 30896163?
20
Calculate the remainder when 2423917 is divided by 65511.
10
Calculate the remainder when 9864540 is divided by 551.
538
What is the remainder when 377082 is divided by 139?
114
Calculate the remainder when 504795 is divided by 114.
3
What is the remainder when 303963753 is divided by 47?
42
Calculate the remainder when 260155113 is divided by 3569.
3565
What is the remainder when 63517320 is divided by 122384?
24
What is the remainder when 435421 is divided by 144345?
2386
Calculate the remainder when 43238 is divided by 8640.
38
What is the remainder when 1250824 is divided by 457?
15
What is the remainder when 271780 is divided by 391?
35
What is the remainder when 181918 is divided by 90283?
1352
Calculate the remainder when 2510895 is divided by 249.
228
Calculate the remainder when 65691 is divided by 4691.
17
What is the remainder when 37101 is divided by 113?
37
Calculate the remainder when 36921515 is divided by 3516.
3515
Calculate the remainder when 1552442 is divided by 537.
512
Calculate the remainder when 57340 is divided by 255.
220
What is the remainder when 8635575 is divided by 507974?
17
Calculate the remainder when 6340947 is divided by 80265.
12
Calculate the remainder when 14422974 is divided by 5863.
5857
Calculate the remainder when 5567559 is divided by 695939.
47
What is the remainder when 105351 is divided by 104811?
540
What is the remainder when 15336124 is divided by 875?
874
Calculate the remainder when 2591869 is divided by 863949.
22
Calculate the remainder when 771623 is divided by 192869.
147
Calculate the remainder when 29426100 is divided by 613043.
36
Calculate the remainder when 4521650 is divided by 1129.
5
What is the remainder when 1014036 is divided by 1453?
1295
Calculate the remainder when 12398273 is divided by 23002.
195
Calculate the remainder when 2102601 is divided by 4272.
777
Calculate the remainder when 5672850 is divided